of ((-1)/(-3))/((-2)/s).
2, 3
Let r = -8 - -6. Let s be (7/(-2) - -2)*r. Suppose 34 = 4*a - 3*k, 6*a - s*a - 20 = 5*k. List the prime factors of a.
2, 5
Suppose -7*w + 566 + 519 = 0. List the prime factors of w.
5, 31
Suppose -4*q + 5*q = 2. Suppose -4*d - 3 = 5*j, -3*d - d + q*j = -18. List the prime factors of d.
3
Let i = 252 + -180. List the prime factors of i.
2, 3
Suppose 5*u - 2*h - 18 = 0, -4*u + 3*h = -u - 9. Let t(a) = -a**2 + 7*a - 1. List the prime factors of t(u).
11
Suppose -2*a + 21 = -b + 62, 2*a = 5*b - 181. List the prime factors of b.
5, 7
Suppose 0 = -7*g + 1916 + 940. List the prime factors of g.
2, 3, 17
Suppose -726 = -7*w + 72. What are the prime factors of w?
2, 3, 19
Let b = 1044 + -728. List the prime factors of b.
2, 79
Suppose -13 = -3*p + 26. Suppose 0 = -q + 1 - p. What are the prime factors of (-88)/q + 4/6?
2
Let b(u) = -u**3 - 6*u**2 - u + 1. Let t be (-1)/(-2) + 13/(-2). What are the prime factors of b(t)?
7
Let l(r) = r**3 + 10*r**2 + 4*r + 19. List the prime factors of l(-9).
2
Let l(n) = -n**2 + 2*n + 1. Let b be (-2)/(-7) + 12/7. Let z be l(b). List the prime factors of z/3 - 32/(-3).
11
Let l(y) = 2*y - 3. Let n be l(3). Let o be (-2)/n + (-765)/27. Let u = 46 + o. List the prime factors of u.
17
Let p(j) = 3*j + 5. Let r be p(5). Suppose -4*v + r = -28. List the prime factors of v.
2, 3
Let k be 5 + 1*(1 + -2). Suppose 3*s - s - k = 0. What are the prime factors of s?
2
Let v = 4 + -1. Suppose 2*t - 3 = -5*l + 8, -2*t - v*l = -9. Suppose -t*c = -0*c - 27. List the prime factors of c.
3
Let y(h) = 2*h - 10. Let t be y(7). Suppose t*o + 28 = 88. What are the prime factors of o?
3, 5
Let d(i) = -5*i + 2. Let s be d(-6). Let y = 15 + s. Suppose 2*f - 18 = 4*r, -2*r - 13 = -4*f + y. List the prime factors of f.
17
Suppose -3*o - 5*v + 101 = 0, 6*v - 2*v + 60 = 2*o. List the prime factors of o.
2
Let h(n) = n**3 + 3*n**2 - 7*n - 5. Let v(l) = l + 3. Let t be v(-7). What are the prime factors of h(t)?
7
Suppose -2*b + z - 15 = 4*z, -b = -z. Let d be -7 + (0 - b/(-3)). What are the prime factors of 2/((-2)/d*2)?
2
Suppose 5*d + 9 = -11. Let t = d - -10. What are the prime factors of t?
2, 3
Suppose -5*a - 18 = -238. List the prime factors of a.
2, 11
Let b(m) = -m**3 + 12*m**2 + 6*m - 17. List the prime factors of b(12).
5, 11
Let h = -7 - 0. Let d(o) = -3 - 2 - 3*o + 2. What are the prime factors of d(h)?
2, 3
Let l be (-1)/(-6) - 2427/(-18). Let z = l + -72. What are the prime factors of (-2)/9 + 392/z?
2, 3
Suppose -45 = 5*y - 5*c - 240, 0 = -y - 3*c + 43. List the prime factors of y.
2, 5
Let n(l) = -l**2 - 3*l + 2. Let o be n(-3). Suppose -r + c + 0*c + 8 = 0, -o*r = 5*c + 12. Suppose r*p + 35 = 103. List the prime factors of p.
17
List the prime factors of ((-40)/25)/(1/(-15)).
2, 3
Let l be -2 + 18/3 + -1. Suppose -l*h - m = -10, -13 = -4*h - m - 0*m. Suppose 0 = -0*i - i + h. What are the prime factors of i?
3
Let f = 3 - 1. Let j = f + 6. What are the prime factors of j?
2
Let l = 6 + -4. Suppose 42 + 7 = 3*y - 5*h, l*y + h - 24 = 0. Let r = -5 + y. List the prime factors of r.
2
List the prime factors of ((-64)/(-6))/(6/45).
2, 5
Let d = -29 - -19. Let i = 5 - d. Let a = 26 - i. What are the prime factors of a?
11
Let n be 100/(-2)*(-6)/12. What are the prime factors of (-10)/n - (-144)/10?
2, 7
Let j = -4 + 12. Suppose -2*w - 2*w - j = 0. List the prime factors of -3*(-1 + w/(-6)).
2
Suppose -l = -2 - 2. Suppose -1 - 6 = -l*u - 3*b, 3*b = -5*u + 11. List the prime factors of u.
2
Let w = 33 + -12. Let o = w - 6. List the prime factors of o.
3, 5
Let p = -4 + 9. List the prime factors of p.
5
Suppose 3*q = -3*f + 12, 3*q - 4*f = 2 - 4. Suppose q*u + u + 21 = 0. List the prime factors of -2 + u/((-14)/12).
2
Let h = 12 - -3. List the prime factors of h.
3, 5
Let z(l) = 12*l + 2. What are the prime factors of z(1)?
2, 7
Let w(m) be the second derivative of m**4/12 + 4*m**3/3 + m. Let l be w(-8). Suppose 3*t + 5*f = -2*t + 30, l = 3*t - 5*f + 14. What are the prime factors of t?
2
Let m = 8 + -6. Let z = 7 - m. What are the prime factors of z?
5
Suppose 3*v = -3*q + 6, 0*q = 3*v + 2*q - 1. What are the prime factors of (-243)/(-15) + v/15?
2
Suppose -2*i = 4*o - 22, -2*o - 2 = -3*o + 3*i. Let s be (-2)/(-11) + (-2)/11. Suppose 5 = -2*c + 3, s = -o*a - 3*c + 22. List the prime factors of a.
5
Suppose 4*z = 3*j + 12, j - 6 = -2*z - 0. Suppose -43 + 4 = -z*x. What are the prime factors of x?
13
Let s(q) = -q**2 + 17*q + 23. Let g be s(18). Suppose 2 = g*j - 2*y, -4 = 3*y - 4*y. What are the prime factors of j?
2
List the prime factors of (114/(-5))/(9/(-45)) - -1.
5, 23
Let r be (7/(-2))/((-2)/4). Let c = r + 4. Suppose 10 = 2*u - 4*f, -f + 39 + c = 3*u. List the prime factors of u.
3, 5
Let h be (-56)/(-12) + (-1)/(-3). Suppose v = -5*w + 10, h*v = -4*w + 1 + 28. What are the prime factors of v?
5
Let h(j) = -5*j**2 + 4*j - 20. Let v(f) = -6*f**2 + 5*f - 21. Let k(q) = -5*h(q) + 4*v(q). Let c be 1 + 0 - -1 - 2. List the prime factors of k(c).
2
Let j(c) = -5*c**3 - 7*c + 5. Let h(v) = 9*v**3 - v**2 + 13*v - 10. Let p(s) = 4*h(s) + 7*j(s). Let o be p(4). Let w = 5 + o. What are the prime factors of w?
2, 3
Let b = 41 + -64. Let c = -12 - b. What are the prime factors of c?
11
Suppose -6*j + 11*j - 215 = 0. Suppose 0 = -2*q + 2*d + 30, 3*q + 2*d - j = 4*d. What are the prime factors of q?
13
Let x(t) = 2*t**2 - 4*t - 6. Suppose -14 - 3 = -5*p - 3*b, 3*p + b - 11 = 0. List the prime factors of x(p).
2, 5
Let c(v) = v + 3 + 8 + 0*v. Let b be (-63)/6*(-6)/(-9). What are the prime factors of c(b)?
2
What are the prime factors of (-3)/9 - 1108/(-12)?
2, 23
Let b(f) = 6*f**2 + 13*f - 2. List the prime factors of b(-5).
83
Let o(p) = p**3 + 3*p**2 - 3*p - 3. List the prime factors of o(-3).
2, 3
What are the prime factors of (-1 - 382/(-6)) + (-1)/(-3)?
3, 7
Let k(z) = z**2 + 1. Let b be k(1). Suppose -t + b + 6 = 2*m, 4*m - 5*t = 44. What are the prime factors of m?
2, 3
Suppose 3*i = m - 40, -4*i - 135 = -6*m + 3*m. List the prime factors of m.
7
Suppose 3*o + 3*a - 87 = -6, -3*o + 91 = -2*a. Let y = 62 - o. What are the prime factors of y?
3, 11
Let l be (8/3)/((-2)/(-3)). Suppose -b = -l*b + 15. What are the prime factors of b?
5
Suppose -3*y + 186 = -561. What are the prime factors of y?
3, 83
Let t = -23 - -42. List the prime factors of t.
19
Suppose y - 84 = -0*y. Suppose -3*a = -3*b - 4 - 32, -y = -5*a - b. What are the prime factors of a?
2
List the prime factors of ((-1695)/20)/(6/4)*-2.
113
Let g = 177 + 30. What are the prime factors of g?
3, 23
Suppose -5*c - z + 13 = 0, -2*c - 4*z - 10 = -26. Let q = 7 - c. Suppose 0 = -4*u - 4*a + 44, 5*u + 2*a = q*a + 55. What are the prime factors of u?
11
Let m = 6 - 6. Suppose 0 = -3*q + 9, -a + 3*q + 13 + 4 = m. Suppose -b + 24 = 4*p, -2*b - 2*b - 2*p = -a. List the prime factors of b.
2
Suppose 4*f = 325 - 97. Suppose f = 5*m - 2*m. List the prime factors of m.
19
Let o = 37 + -25. Let d = 18 - o. List the prime factors of d.
2, 3
List the prime factors of (-94 + -10)/(2/(-1)).
2, 13
Suppose -2*g + 3 + 1 = 0. Suppose 17 = s + g. What are the prime factors of s?
3, 5
Let c = 7 - 13. Let i(o) = -o + 4. List the prime factors of i(c).
2, 5
Let i(l) = l**2 - 4*l - 3. Let y be i(5). Suppose y*n - 110 = -3*n. Suppose -o = 2*h + o - 4, 3*h - n = o. List the prime factors of h.
2, 3
Let x = 321 + -110. List the prime factors of x.
211
Let i(z) = z + 5. Let m be i(-6). Let g be -18 - (0 - (-2 - m)). Let a = -13 - g. What are the prime factors of a?
2, 3
Let o(n) = -n**3 - 16*n**2 - 26*n - 28. List the prime factors of o(-15).
137
Let b be (-9)/6*4/(-2). Suppose -3*k = -2*l + 26, -3*l + b*k = -4*l + 4. What are the prime factors of l?
2, 5
Suppose 0*c + 5*v + 17 = -2*c, 3*c - 17 = v. What are the prime factors of c?
2
Suppose 65 = q - 5*s, -34 = -q + 4*s + 30. List the prime factors of q.
2, 3, 5
Let n be ((-2)/4)/(3/(-24)). Suppose 0 = n*r - 3*m - 35, 9 + 1 = -2*r - 4*m. Suppose 4*u = 5*t + u - 54, r*t = -5*u + 70. What are the prime factors of t?
2, 3
Suppose 2*z - 4*z + 112 = 2*d, 156 = 3*z - d. List the prime factors of z.
53
Suppose -5*w = 3*z - 57, w + 5*z = 2*z + 21. Let t = 1 - 1. Suppose g + t*g - w = 0. List the prime factors of g.
3
Let r = -4 - -8. Suppo